-111
In base 13, what is -10 + -955?
-965
In base 10, what is 18 - -3?
21
In base 8, what is 21 + 337?
360
In base 13, what is 9b - 17?
84
In base 4, what is 32 + -100?
-2
In base 3, what is 1102200102 + 12?
1102200121
In base 8, what is -23223 + -3?
-23226
In base 11, what is -4 - 50?
-54
In base 7, what is -60423 - -2?
-60421
In base 8, what is -47 + -2?
-51
In base 2, what is 1010 - -1011111010?
1100000100
In base 3, what is -20022 + 1201?
-11121
In base 7, what is 2 + 254?
256
In base 15, what is 18e + 0?
18e
In base 16, what is -556 + -6?
-55c
In base 14, what is -2137 + -3?
-213a
In base 5, what is -3 - -233?
230
In base 3, what is 211 + -2212?
-2001
In base 9, what is 63 + -27?
35
In base 14, what is 4 - 403?
-3dd
In base 10, what is 25 - -254?
279
In base 7, what is 55 - -3?
61
In base 8, what is -52 + -14?
-66
In base 9, what is -46 + -7?
-54
In base 9, what is 214 - -38?
253
In base 11, what is 2470 - 0?
2470
In base 12, what is 1 - 13?
-12
In base 4, what is -33 + 220?
121
In base 9, what is 50 + -7?
42
In base 6, what is -30 - -1325?
1255
In base 12, what is 96 + 3?
99
In base 10, what is 801 + 5?
806
In base 2, what is 1100011 - 110?
1011101
In base 2, what is -1 - -100100?
100011
In base 5, what is -111 - -223?
112
In base 12, what is -10 - -78?
68
In base 8, what is -207 - -11?
-176
In base 13, what is -37 + -5?
-3c
In base 5, what is -2104 - 10?
-2114
In base 11, what is -4a - -2?
-48
In base 2, what is 10 + -1101?
-1011
In base 10, what is -1 + 463?
462
In base 3, what is 1200211 + 0?
1200211
In base 4, what is -331 - 1?
-332
In base 7, what is 145 + -10?
135
In base 16, what is 0 - -2a?
2a
In base 2, what is -10 + 110010?
110000
In base 14, what is -2 - 6a?
-6c
In base 7, what is -3 + 450?
444
In base 5, what is 4 - -3340?
3344
In base 3, what is 10011 - -2?
10020
In base 16, what is 1 + -74?
-73
In base 14, what is 1 + -b92?
-b91
In base 3, what is 12 + 20121?
20210
In base 15, what is -14d + -2?
-150
In base 5, what is -13040 + 10?
-13030
In base 13, what is -553 + 0?
-553
In base 13, what is -17b - -15?
-166
In base 16, what is 21 + -19?
8
In base 14, what is 10a - ab?
3d
In base 4, what is 12123 - 10?
12113
In base 16, what is -5 - 206?
-20b
In base 7, what is -1666 - 5?
-2004
In base 10, what is -3 - -9?
6
In base 2, what is -10000 - -11010?
1010
In base 16, what is -15 + 7?
-e
In base 4, what is 1323 + -10?
1313
In base 9, what is 1 + 3757?
3758
In base 9, what is 1284 - 2?
1282
In base 3, what is -1011 - -11?
-1000
In base 2, what is 1011011 + -100001?
111010
In base 6, what is 1 + 1045?
1050
In base 6, what is -1 + 1221?
1220
In base 13, what is 5 + -c?
-7
In base 13, what is -2 - 11c7?
-11c9
In base 3, what is 10 - 2000?
-1220
In base 8, what is -132 + 26?
-104
In base 14, what is -101 - 5?
-106
In base 9, what is 2 + -63?
-61
In base 4, what is -13 - 1122?
-1201
In base 15, what is -1e - 3?
-22
In base 15, what is 1b - -44?
60
In base 8, what is 31 + 45?
76
In base 8, what is 7 + -1025?
-1016
In base 12, what is b8b - 6?
b85
In base 13, what is -6 - -1b8?
1b2
In base 12, what is 56 - 1?
55
In base 10, what is -127 - 2?
-129
In base 4, what is -13 + -220?
-233
In base 15, what is -16 - -e?
-7
In base 2, what is 101111 + -1?
101110
In base 6, what is -4 + 24052?
24044
In base 4, what is 3022 + 10?
3032
In base 6, what is 234 + 5?
243
In base 15, what is e + 313?
322
In base 16, what is 168 + -2?
166
In base 6, what is 14545 - 1?
14544
In base 4, what is 3 + 20020?
20023
In base 14, what is -17 + 1a?
3
In base 3, what is -12 - 101002?
-101021
In base 5, what is -2101 + 2?
-2044
In base 16, what is -3 - dc2?
-dc5
In base 3, what is 1100 - 11?
1012
In base 7, what is 24201 + 5?
24206
In base 4, what is 1212 + -20?
1132
In base 12, what is 61 - -2?
63
In base 12, what is -10 - -a?
-2
In base 15, what is 101 - 80?
71
In base 16, what is -7 - -154?
14d
In base 3, what is -2012 - 2?
-2021
In base 10, what is -6 + 40?
34
In base 4, what is -10 + 12221?
12211
In base 12, what is -2 - -b8?
b6
In base 3, what is -12 - -1010?
221
In base 4, what is -220 + -22130?
-23010
In base 10, what is -14 - 57?
-71
In base 5, what is 203 + 100?
303
In base 7, what is 163 - 3?
160
In base 14, what is 258 - -23?
27b
In base 10, what is 4 + -2?
2
In base 13, what is -11 + -72?
-83
In base 15, what is 4 - -36b?
370
In base 6, what is 0 - 0?
0
In base 11, what is -14 - 7?
-20
In base 12, what is a4 + 5?
a9
In base 4, what is -212031 + -12?
-212103
In base 6, what is 10532 + 4?
10540
In base 2, what is 0 + -1010100?
-1010100
In base 12, what is 2 + a?
10
In base 6, what is -3 - 24?
-31
In base 5, what is 1440 - 30?
1410
In base 5, what is 432 - -122?
1104
In base 12, what is 24 + 33?
57
In base 6, what is -143555 - 1?
-144000
In base 4, what is 100 + 1?
101
In base 12, what is 2b + -11?
1a
In base 9, what is -1356 + 5?
-1351
In base 7, what is -361 + 5?
-353
In base 13, what is -14 + -27a?
-291
In base 11, what is -12412 + 0?
-12412
In base 11, what is -4 + -4a?
-53
In base 11, what is -319 + 23?
-2a6
In base 9, what is 5 - 637?
-632
In base 12, what is 3 - -18?
1b
In base 6, what is -15 + -125?
-144
In base 11, what is -117 - 4?
-120
In base 6, what is 1151 - 2?
1145
In base 2, what is -110011001 + 110111?
-101100010
In base 10, what is -4 - -12?
8
In base 11, what is -3 + -426?
-429
In base 6, what is -3 - 41541?
-41544
In base 12, what is a6 - -3?
a9
In base 5, what is -3223 + -34?
-3312
In base 7, what is 551 - 2?
546
In base 6, what is 15434 + 3?
15441
In base 15, what is 7 + 9ea?
a02
In base 5, what is -4223 + -41?
-4314
In base 9, what is 72 + 33?
115
In base 12, what is 68b - 1?
68a
In base 11, what is -1173 - -1?
-1172
In base 14, what is -343 + -2?
-345
In base 3, what is -100222 + 12?
-100210
In base 7, what is 3 - 110?
-104
In base 8, what is 0 - -25?
25
In base 4, what is -2 - 322?
-330
In base 10, what is -1925 + 0?
-1925
In base 9, what is -4750 + -3?
-4753
In base 12, what is -21b - 2?
-221
In base 8, what is 2043 - 3?
2040
In base 6, what is -2 - -451?
445
In base 3, what is 10112 - 0?
10112
In base 10, what is -39 - 9?
-48
In base 14, what is 1 + 10?
11
In base 4, what is -113 - 22?
-201
In base 14, what is 3 - -49a?
49d
In base 11, what is 0 - 164?
-164
In base 13, what is -10 + 3?
-a
In base 6, what is -10 - 222?
-232
In base 12, what is 21 - -91?
b2
In base 3, what is 111 - -212?
1100
In base 5, what is -3 - 43?
-101
In base 12, what is -25 + 0?
-25
In base 10, what is -4 + 3208?
3204
In base 14, what is -2 - 37?
-39
In base 5, what is -4332 + 2?
-4330
In base 7, what is 110 - 1?
106
In base 16, what is db + -5?
d6
In base 9, what is -1313 + 5?
-1307
In base 12, what is 1 - -372?
373
In base 14, what is 5 - -80?
85
In base 3, what is -21 - -202?
111
In base 5, what is -3 + 4304?
4301
In base 7, what is -5 - -535?
530
In base 2, what is -111100111 - -10010?
-111010101
In base 4, what is 322 - 13?
303
In base 14, what is -4 - 2ba0?
-2ba4
In base 15, what is 0 + -32a?
-32a
In base 5, what is -131110 - -4?
-131101
In base 2, what is -101 + 11011101011?
11011100110
In base 12, what is 2 - 85?
-83
In base 7, what is -3 - 1310?
-1313
In base 13, what is -9 - -1a4?
198
In base 12, what is -763 + 5?
-75a
In base 8, what is -17 - 16?
-35
In base 8, what is -3 + 0?
-3
In base 5, what is -2 - 123?
-130
In base 13, what is -113 + -2?
-115
In base 5, what is 3140 - -100?
3240
In base 3, what is 220 + -1011?
-21
In base 16, what is 8 + 15?
1d
In base 4, what is 11 - -100?
111
In base 16, what is 6 - 9?
-3
In base 4, what is -10 + 311?
301
In base 2, what is -1001000 - 10?
-1001010
In base 2, what is -10011 - 101?
-11000
In base 14, what is 3 + -2c1?
-2bc
In base 16, what is -3 - 7ca?
-7cd
In base 11, what is 27 - 5?
22
In base 16, what is 995 - -5?
99a
In base 3, what is -11 - 11000?
-11011
In base 8, what is 4 + -3?
1
In base 14, what is -3b - 3?
-40
In base 10, what is -240 - 13?
-253
In base 2, what is 10100 + 110?
11010
In base 3, what is -110210 - -21?
-110112
In base 10, what is -145 + 1?
-144
In base 4, what is 10 - -13111?
13121
In base 9, what is 0 - 1240?
-1240
In base 5, what is -1 + 304?
303
In base 4, what is -23202 - -102?
-23100
In base 14, what is 2 + 4?
6
In base 14, what is -13 - -b?
-6
In base 8, what is 7411 + 0?
741